ommon divisor of 1264 and 112.
16
What is the highest common factor of 72 and 612?
36
What is the highest common divisor of 14 and 175?
7
Calculate the greatest common divisor of 20 and 10.
10
What is the highest common divisor of 136 and 40?
8
What is the highest common divisor of 76 and 4104?
76
What is the highest common factor of 2289 and 63?
21
What is the highest common divisor of 38 and 76?
38
What is the greatest common factor of 198 and 638?
22
What is the greatest common divisor of 72 and 8352?
72
What is the highest common divisor of 59 and 708?
59
What is the greatest common factor of 24 and 300?
12
What is the highest common factor of 216 and 456?
24
Calculate the greatest common divisor of 182 and 91.
91
What is the highest common divisor of 2208 and 253?
23
Calculate the highest common divisor of 6512 and 132.
44
Calculate the greatest common factor of 928 and 754.
58
Calculate the highest common divisor of 327 and 33.
3
Calculate the greatest common divisor of 1612 and 286.
26
What is the highest common factor of 156 and 288?
12
What is the greatest common factor of 2655 and 45?
45
What is the highest common factor of 1717 and 85?
17
What is the greatest common factor of 2660 and 931?
133
Calculate the greatest common divisor of 512 and 192.
64
Calculate the highest common factor of 7900 and 1700.
100
Calculate the greatest common factor of 135 and 1260.
45
Calculate the highest common divisor of 14 and 58.
2
Calculate the highest common factor of 9177 and 207.
69
What is the greatest common divisor of 216 and 132?
12
What is the greatest common divisor of 952 and 112?
56
What is the highest common factor of 120 and 8?
8
What is the greatest common factor of 10205 and 195?
65
Calculate the highest common divisor of 71 and 639.
71
What is the greatest common factor of 165 and 77?
11
Calculate the highest common divisor of 9628 and 1162.
166
Calculate the greatest common divisor of 1292 and 10013.
323
What is the highest common factor of 204 and 4828?
68
Calculate the greatest common factor of 14296 and 16.
8
Calculate the greatest common factor of 7 and 175.
7
What is the highest common factor of 324 and 9288?
108
Calculate the greatest common factor of 20 and 212.
4
What is the greatest common divisor of 86 and 817?
43
What is the highest common factor of 249 and 1162?
83
What is the greatest common factor of 2 and 248?
2
What is the greatest common factor of 135 and 480?
15
What is the highest common factor of 54 and 1080?
54
What is the greatest common divisor of 18 and 8?
2
Calculate the highest common divisor of 41 and 2.
1
Calculate the highest common divisor of 106 and 1537.
53
Calculate the highest common divisor of 280 and 105.
35
What is the greatest common divisor of 230 and 414?
46
What is the greatest common factor of 715 and 1155?
55
Calculate the highest common factor of 483 and 69.
69
What is the greatest common divisor of 90 and 210?
30
What is the greatest common factor of 170 and 3604?
34
Calculate the highest common factor of 13 and 13.
13
What is the highest common divisor of 15 and 5?
5
Calculate the highest common factor of 33 and 704.
11
Calculate the highest common divisor of 99 and 88.
11
What is the highest common factor of 4 and 6?
2
What is the greatest common factor of 105 and 490?
35
Calculate the greatest common factor of 24 and 14088.
24
What is the greatest common divisor of 208 and 176?
16
Calculate the highest common divisor of 735 and 105.
105
Calculate the highest common divisor of 152 and 8.
8
What is the highest common factor of 168 and 105?
21
Calculate the highest common divisor of 6 and 32.
2
What is the highest common divisor of 7 and 2296?
7
What is the greatest common factor of 165 and 275?
55
Calculate the greatest common divisor of 575 and 23.
23
Calculate the greatest common divisor of 7590 and 2185.
115
What is the highest common factor of 903 and 63?
21
Calculate the highest common factor of 10 and 310.
10
What is the highest common divisor of 583 and 341?
11
Calculate the greatest common divisor of 162 and 7074.
54
What is the highest common factor of 3249 and 684?
171
What is the greatest common divisor of 1647 and 27?
27
What is the highest common factor of 16701 and 171?
57
Calculate the highest common divisor of 20 and 2636.
4
What is the greatest common factor of 18603 and 234?
117
What is the greatest common factor of 10718 and 46?
46
What is the greatest common factor of 1052 and 4?
4
Calculate the highest common divisor of 185 and 5.
5
What is the highest common factor of 10 and 1690?
10
Calculate the greatest common factor of 10 and 236.
2
What is the greatest common divisor of 9 and 177?
3
What is the greatest common factor of 11 and 6545?
11
Calculate the highest common factor of 3760 and 48.
16
What is the highest common divisor of 161 and 253?
23
Calculate the greatest common divisor of 536 and 67.
67
Calculate the highest common factor of 89 and 178.
89
Calculate the greatest common divisor of 832 and 1472.
64
What is the greatest common divisor of 114 and 1938?
114
Calculate the greatest common divisor of 8360 and 304.
152
What is the greatest common factor of 30 and 465?
15
What is the greatest common factor of 21612 and 36?
12
Calculate the highest common factor of 72 and 88.
8
What is the greatest common divisor of 22 and 1100?
22
What is the highest common divisor of 413 and 77?
7
Calculate the greatest common factor of 13951 and 7.
7
Calculate the highest common divisor of 6 and 111.
3
What is the greatest common factor of 405 and 15?
15
Calculate the highest common divisor of 117 and 156.
39
Calculate the highest common factor of 124 and 3782.
62
Calculate the greatest common divisor of 20 and 260.
20
What is the greatest common divisor of 1116 and 36?
36
What is the highest common factor of 36 and 116?
4
What is the greatest common divisor of 22660 and 103?
103
What is the highest common factor of 20 and 656?
4
Calculate the highest common factor of 1107 and 216.
27
Calculate the greatest common factor of 2670 and 390.
30
What is the highest common divisor of 18 and 36?
18
Calculate the greatest common divisor of 114 and 2223.
57
Calculate the highest common divisor of 68 and 6.
2
What is the highest common divisor of 605 and 165?
55
Calculate the highest common factor of 20 and 5.
5
What is the highest common factor of 80 and 280?
40
What is the highest common divisor of 740 and 4662?
74
What is the highest common divisor of 1946 and 28?
14
Calculate the highest common divisor of 69 and 2714.
23
What is the highest common factor of 63 and 35?
7
What is the greatest common factor of 108 and 936?
36
What is the highest common divisor of 384 and 72?
24
Calculate the greatest common divisor of 1550 and 150.
50
Calculate the greatest common divisor of 2 and 364.
2
Calculate the highest common factor of 284 and 7526.
142
What is the highest common factor of 340 and 20?
20
Calculate the highest common divisor of 201 and 268.
67
What is the greatest common divisor of 2176 and 68?
68
What is the highest common factor of 9 and 15?
3
Calculate the highest common factor of 216 and 594.
54
Calculate the highest common divisor of 131 and 1.
1
What is the highest common factor of 47 and 20351?
47
What is the highest common factor of 169 and 104?
13
Calculate the highest common divisor of 90 and 320.
10
What is the greatest common divisor of 58261 and 29?
29
Calculate the greatest common divisor of 117 and 26.
13
What is the highest common divisor of 25821 and 171?
171
What is the greatest common factor of 36 and 48?
12
What is the highest common divisor of 18 and 22?
2
Calculate the greatest common factor of 299 and 713.
23
What is the highest common divisor of 116 and 29?
29
What is the highest common factor of 55 and 2?
1
What is the highest common factor of 32 and 32?
32
What is the highest common factor of 484 and 11?
11
What is the greatest common factor of 3510 and 12?
6
What is the greatest common divisor of 2655 and 270?
45
What is the highest common factor of 1377 and 102?
51
Calculate the highest common factor of 15 and 135.
15
Calculate the highest common divisor of 79 and 395.
79
What is the highest common factor of 90 and 6340?
10
What is the highest c